hat is the units digit of b?
4
Let r(g) = -1224*g + 114. What is the hundreds digit of r(-2)?
5
Let c(f) be the first derivative of f**3/3 - 7*f**2/2 + 4*f - 7. What is the units digit of c(7)?
4
Suppose 5*n - 4*n = -3*u + 7708, -5128 = -2*u + 2*n. What is the tens digit of u?
6
Suppose -8 = -2*u, 5*h - 2*h = -2*u - 271. Let w = h + 130. What is the tens digit of w?
3
Let j(y) be the third derivative of 2*y**6/5 - y**5/30 - y**4/12 + y**3/2 - y**2. What is the units digit of j(1)?
7
Let d = 5534 + -1812. What is the tens digit of d?
2
Let d = 510 - -561. What is the tens digit of d?
7
Let d(c) = 2*c - 7. Let w be d(5). Suppose -5*f + w*f = -12. Suppose -6*a + f = -4*a. What is the units digit of a?
3
Suppose 0 = 9*d - 107 + 854. Let b = -69 - d. What is the units digit of b?
4
Suppose 98*c - 257387 - 103841 = 0. What is the thousands digit of c?
3
Let g = 44 + 48. Suppose 0 = -3*q + 2*k + 86, 4*q = -3*k - 0*k + g. Suppose 3*u - q = u. What is the units digit of u?
3
Let v = 13 - 22. Let h = v + 23. Suppose 3*y - h = 103. What is the tens digit of y?
3
Let n(o) = 2*o**2 + 59*o + 26. What is the tens digit of n(-36)?
9
Let x(r) = -r**3 + 6*r**2 - 8*r + 6. Let o be x(5). Let h be 1/(-3) - 21/o. Suppose -h*d + 0*d = -80. What is the tens digit of d?
4
Let l = 1661 - 888. What is the hundreds digit of l?
7
Let h = 6 + -6. Let f = -50 + 128. Suppose 0 = 3*p + 9 + 3, h = -5*x + 2*p + f. What is the units digit of x?
4
Suppose -2*c + 4*g - 2*g = -7906, -5*c + 19758 = 2*g. What is the hundreds digit of c?
9
Let b = -779 - -1986. What is the tens digit of b?
0
Suppose 4*y - 10 = -2*g, g + 9 = 4*g + 3*y. Let q be (g - 0)/(-1) - -193. Suppose 5*m - q = -m. What is the tens digit of m?
3
Suppose 2*k + 1 = 7, -4*k - 646 = -n. What is the units digit of n?
8
Let m be (6/8)/((-3)/(-168)). Suppose -3*f + 1 = -5. Suppose 0 = f*d + d - m. What is the units digit of d?
4
Let u = 11 - 9. Suppose -j - 7*v + 2*v + u = 0, j - v + 22 = 0. Let l = j + 29. What is the units digit of l?
1
Let p = -512 - -1526. What is the thousands digit of p?
1
Let k = -54 - -56. Suppose -525 = k*d - 7*d. What is the units digit of d?
5
Let v = -834 + 2392. What is the hundreds digit of v?
5
Suppose -5*i = c - 12 - 83, -c - i + 87 = 0. Let u = c + 19. What is the tens digit of u?
0
Suppose 2*f + 6 = 5*v - 0*f, -2*f = 5*v - 14. What is the tens digit of (2 - -9 - v - 2)*7?
4
Suppose -44*v + 49*v = 1180. What is the hundreds digit of v?
2
Let z(m) be the second derivative of -m**4/6 - 3*m**3/2 - 7*m**2/2 + 3*m. Let h be z(-6). Let a = 3 - h. What is the tens digit of a?
2
Suppose -3*w + 3*j = -5937, -4*j = 5*w - 8*j - 9893. What is the tens digit of w?
7
Suppose 0 = -5*c + 11*n + 15840, 9*c - 14*c + 15840 = -2*n. What is the units digit of c?
8
Let x = 7 + -3. Suppose 0 = 3*m + 4*w - 19, 2 = -m + 4*w + 19. Suppose -11 = -x*n + m. What is the units digit of n?
5
Let q be (-36)/(-8)*16/12. Suppose 0 = -s + q*s - 10. Suppose 3*z - 3 = s*z, -3*c = -4*z - 207. What is the units digit of c?
3
Suppose 5*a + 2*g = 42 + 25, -3*g = -4*a + 72. What is the tens digit of ((-5)/a + -1)/(2/(-27))?
1
Let p(q) = q**2 - 4*q - 5. Let r be p(4). Let z be 15/(-3 - (r - -1)). Let g = z + 1. What is the units digit of g?
6
Let c(n) = -8*n - 17. What is the tens digit of c(-7)?
3
Suppose 6 = -4*i - l + 2, 0 = -i + 4*l - 18. What is the units digit of (-7)/14 - 59/i?
9
Suppose -5*d - 2*m + 10 = -0*m, 20 = -4*d + 4*m. Suppose d = -10*v - 2*v + 240. What is the units digit of v?
0
What is the tens digit of (26 + -30)*(-8842)/8?
2
Suppose -t - x = 2*x - 18, -5*x = -t - 14. Suppose -48 + 144 = t*m. What is the units digit of m?
6
Suppose 0 = i - 4*i + 30. Suppose 3*y = -2*y + i. Suppose 8 = 3*z + y. What is the units digit of z?
2
Let l(u) = u**3 + 14*u**2 - 16*u - 21. Let m be l(-15). Let n = m - -67. What is the tens digit of n?
6
Suppose 0 = -4*c - 5*u + 30, c - 5*c = -4*u - 12. Suppose -c*l + l + 192 = 0. What is the units digit of l?
8
Let i be (-1)/6*2 + (-1592)/(-24). What is the units digit of (i/8)/((-4)/((-256)/6))?
8
Suppose 4306 = 7*c + 1436. What is the units digit of c?
0
Let z(r) = -13*r - 33. Let i be z(-16). What is the tens digit of i/2 - 2/4?
8
Suppose -3*j - 23 = -113. Let l = 69 - j. What is the units digit of l?
9
Let x(y) = -247*y + 2. Let w be x(-1). Let m = w + -175. What is the tens digit of m?
7
Let t(p) = -p**3 - 6*p**2 + p + 8. Let u be t(-7). Suppose -16 = -r + 85. Let o = r - u. What is the tens digit of o?
5
Suppose -311 - 399 = -a. What is the tens digit of a?
1
Suppose 12 = -12*k + 16*k. Let m be (k - 0) + -2 + 18. Suppose -4*u + m + 35 = 5*i, -u = i - 14. What is the units digit of u?
6
Let x(t) be the second derivative of t**5/20 + 5*t**4/4 - 5*t**3/2 + 5*t**2/2 - 11*t. Let k be x(-16). Let u = k + 13. What is the units digit of u?
2
Let s(o) = -o**3 - 15*o**2 + 17*o + 24. Suppose 3*d - 60 = 3*w, -5*w - 2*d + 5*d - 92 = 0. What is the units digit of s(w)?
8
Suppose -x = -2*v + 3*x - 18, 2*v = -5*x + 18. Let k be 12 + v - 0/2. Suppose 2*c + y - 28 = 0, -c - y + k = -2*y. What is the tens digit of c?
1
Let f = 32 + -30. What is the units digit of (16/f)/2 - (-9 + -108)?
1
Suppose 5378 + 2272 = 5*s + 2*h, -5*s + 4*h + 7650 = 0. What is the units digit of s?
0
Let b = 38 - 28. Suppose 0 = 14*r - b*r - 352. What is the units digit of r?
8
Suppose 10133 + 19 = 24*t. What is the units digit of t?
3
Suppose -2*j + 1 + 5 = 0. Suppose -o = -3*y - 127, -j*o + 3*y - 14 + 371 = 0. What is the hundreds digit of o?
1
What is the tens digit of (-1 + (-3214)/(-6))/(66/99)?
0
Suppose -2*g + 2*u - 1866 = -484, -2073 = 3*g - 4*u. Let j = -350 - g. What is the tens digit of j?
4
Let f(h) = -6*h - 35. What is the units digit of f(-12)?
7
Let w = -9 + 11. Suppose 0*p + 104 = w*p. What is the tens digit of p?
5
Let d = -73 + 138. What is the tens digit of 4/26 - (-4540)/d?
7
Let x(r) = 3*r + 5 + 2*r - 7 - 6. Let n be ((-44)/(-6))/(4/6). What is the units digit of x(n)?
7
Let p(h) = h**3 - 15*h**2 - 7*h - 22. Let f be 0 + (2*24)/3. What is the hundreds digit of p(f)?
1
Let a(o) be the third derivative of -o**6/120 - o**5/15 + 13*o**4/24 + 2*o**3/3 - 21*o**2. What is the units digit of a(-8)?
6
Let d be -3 - (-2 + 0 + 0). Let n be 250/40 - d/(-4). Suppose y = -n*y + 84. What is the units digit of y?
2
Let h be 6/5*70/(-28). Let a(s) = s**3 + 4*s**2 + s. What is the units digit of a(h)?
6
What is the thousands digit of (260/7)/((-222)/(-11655))?
1
Let y(g) = 12*g + 13. Let h(m) = 36*m + 39. Let u(t) = -4*h(t) + 11*y(t). What is the tens digit of u(-10)?
0
Let d(q) = q**2 - 6*q. Let z be d(6). Suppose -y + 5*m - 2*m - 9 = z, 1 = -y + m. Suppose y*p - 29 = 4. What is the tens digit of p?
1
Suppose 8 = 7*i - 3*i. Suppose 5 + 17 = 11*b. What is the units digit of b/((-8)/6 + i)?
3
Let b be 4/(-1) + (14 - -820). What is the units digit of b/10 - (2 - (1 - 2))?
0
Let f = 1438 + -563. What is the hundreds digit of f?
8
Suppose -2*f = 3*a - 46, -5*f + 2*a = -a - 157. Suppose -f*c = -28*c - 35. What is the units digit of c?
5
Suppose -3*t + 6*t - 66 = 0. Let v = 59 + t. What is the tens digit of v?
8
Let l be 9/(-1) + 4 + -2. Let a = l + 1. What is the units digit of (-93)/a + (-2)/(-4)?
6
Let d = 162 + -116. Let c(u) = 4*u + 70. Let v be c(-17). Suppose 0 = v*o - 4*j - d, 3*o + 0*j - 83 = -j. What is the units digit of o?
7
Suppose 0 = -2*a - z + 245, 0 = -5*a - 4*z + 340 + 274. What is the tens digit of a?
2
Let u be (-1 + (-2)/(-5))*-5. Suppose 153 = u*l - 42. What is the units digit of l?
5
Suppose -u + 354 + 190 = 0. Suppose -2*n = -3*h + h + u, 2*n = -3*h + 826. What is the hundreds digit of h?
2
Suppose -11378 = -36*d - 3926. What is the units digit of d?
7
Let y(z) = 4*z**2 - 10*z + 3. Suppose -10 = -0*o + 2*o. Let l(n) = -n**2 - 6*n - 1. Let v be l(o). What is the tens digit of y(v)?
2
Let l(d) = 2*d**2 - 22*d + 65. What is the tens digit of l(13)?
1
Let m(f) = f**2 + 6*f + 4. Let g be m(-8). Let a = g - 16. What is the tens digit of a/(-18) - (-328)/18?
1
Suppose -4*o = 0, -33 = -f - 0*f - 2*o. What is the units digit of f?
3
Suppose 2*a - 5 = a. Suppose a*x = 25 - 10. Let d(j) = 3*j**2 + 3*j - 6. What is the units digit of d(x)?
0
Let r = 123 + 672. What is the units digit of r?
5
Let b be 1*(1 + -13)